- 50 = -0*x - 2*x. Calculate the remainder when f is divided by (8/22)/(13/143).
3
Let m = 75 + -46. Let i = -13 + m. Let w(a) = 5*a + 16. Calculate the remainder when w(3) is divided by i.
15
Let w = -54 + 73. Let j(m) = m**2 + 3*m + 1. Calculate the remainder when w is divided by j(2).
8
What is the remainder when 860/7 - (4 + (-116)/28) is divided by 35?
18
Suppose -4*d - 37 = -537. Calculate the remainder when d is divided by 26.
21
Let v(y) = -4*y + 24. Calculate the remainder when 170 is divided by v(-5).
38
Suppose 0 = 4*x + 5*r - 91, -5*x + 98 = -0*r + r. Calculate the remainder when -4 + (464/(-12))/(3/(-9)) is divided by x.
17
Let l be 1 + 0 + -2 - -3. Suppose -5*j + 255 = -l*j. What is the remainder when j is divided by (-1020)/(-1870) - (0 - 626/22)?
27
Let z = 1 + -3. What is the remainder when 32 is divided by (136/(-12))/(z/3)?
15
Let b(m) = 2*m**3 + 6*m**2 - 5*m + 4. Suppose -12 - 12 = -2*i. Calculate the remainder when b(2) is divided by i.
10
Suppose 2*c + 15 = 5*f, -9*f - c + 15 = -4*f. Let y(d) = 4*d**2 + d. Let n be y(-1). Suppose x - n - 6 = 0. Calculate the remainder when x is divided by f.
0
Let m(j) = -j**3 + 8*j**2 + 4*j + 5. What is the remainder when m(6) is divided by 15?
11
Suppose 2 = -325*d + 326*d. Let k(b) = b**3 + 4*b**2 + 4*b + 2. Calculate the remainder when k(-2) is divided by d.
0
Calculate the remainder when 202 is divided by 3*-9*(-1)/3.
4
Let d = 79 + -52. Let h be (-16)/(-24) - (-8)/6. Suppose 4*t - 60 = 5*k, 0 = -4*t + 3*t - h*k + 2. What is the remainder when d is divided by t?
7
Suppose -338 = -0*x - 13*x. Calculate the remainder when 1870 is divided by x.
24
Let o = 20 - 1. Suppose 3*w = o + 5. Suppose 3*t - w = -5. What is the remainder when 3 is divided by t?
0
Suppose 48*z - 50*z + 50 = 0. Calculate the remainder when z is divided by 23.
2
Suppose -49622 - 1242 = -68*w. Calculate the remainder when w is divided by 50.
48
Suppose -m - 27 = -4*m. Let j(q) = -q + 20. Calculate the remainder when j(4) is divided by m.
7
Let a(w) = 18*w - 9. Let f be a(3). Suppose 0 = -2*y + 3*x + f, 5*y - x - 70 = -2*x. Calculate the remainder when 103 is divided by y.
13
Suppose 0*c = 4*c - 60. Suppose z + 4*z - c = 0. Suppose 0 = z*h, -4*b + 4*h + 28 = 9*h. What is the remainder when b is divided by 5?
2
Let u = 559 - 551. What is the remainder when 39 is divided by u?
7
Suppose -96 = -165*a + 159*a. What is the remainder when 39 is divided by a?
7
What is the remainder when (69/(-46))/((-3)/634) is divided by 69?
41
Let h = 1549 - 219. Calculate the remainder when h is divided by 15.
10
Let k(t) = -t**3 - 8*t**2 - 8*t. Let y be k(-8). Let u = y - 20. Let p(f) = -f + 15. What is the remainder when u is divided by p(0)?
14
Suppose 34 = -5*p + 79. Let x = 7223 - 7198. Calculate the remainder when x is divided by p.
7
Let n(p) be the first derivative of 5*p**2/2 + 10*p + 1. Suppose -29 = -3*i + 5*c - 0, -3*c = 5*i - 3. Calculate the remainder when n(i) is divided by 14.
11
Suppose -k = 1 + 3. Let l(f) = 7*f - 16. Let w be l(12). Let t = w + k. Calculate the remainder when t is divided by 22.
20
Suppose 22*m - 67*m = 85*m - 2470. Let t be 3 + (2 + 0)/2. Suppose 2*v = -4*w + 32, 6 - 44 = -5*v + t*w. What is the remainder when m is divided by v?
9
Suppose -4*m + 44 = -4*i, 11*i = 3*m + 14*i - 3. What is the remainder when 188 is divided by m?
2
Let c(q) = 27*q**2. What is the remainder when c(-1) is divided by ((-30)/(-18))/((-2)/(-12))?
7
Let g(w) = -w**2 + w + 3. Let a(f) = f**2 - f - 24. Calculate the remainder when a(6) is divided by g(0).
0
Let o(j) = -37*j - 267. Calculate the remainder when o(-14) is divided by 21.
20
Let p(q) = q**2 + 3*q + 3. What is the remainder when p(4) is divided by 8?
7
Let q(p) = -44*p**3 + p. What is the remainder when q(-1) is divided by 130/5 + (-6)/2?
20
Suppose -o + 44*o - 3999 = 0. What is the remainder when o is divided by 12?
9
What is the remainder when 97 is divided by (6/4)/(90/180)?
1
Let b(v) = -32*v + 1. Calculate the remainder when b(-4) is divided by (6/(-16))/(12 + (-11627)/968).
30
Let p be (64/24)/(2/3). Suppose p*l = 3 + 469. Suppose 5*a - 525 = 4*y - 2*y, 0 = a - 3*y - l. What is the remainder when a is divided by 35?
33
Let o(f) = -2*f - 20. Let a be o(-10). Let x(j) = j + 29. Let w be x(a). Let h = w + -19. Calculate the remainder when 38 is divided by h.
8
Let d be ((-4)/10)/(8/80). Let i(h) = -13*h - 37. What is the remainder when 22 is divided by i(d)?
7
Suppose -2*z - z = -432. Suppose -3*b + 9 + z = 0. Suppose -x = 4*a - 75, -5*a - 28 = -5*x - 103. What is the remainder when b is divided by a?
15
Suppose 2613 = 35*u - 4352. Calculate the remainder when u is divided by 91.
17
Let a(x) be the third derivative of 0*x - 3/10*x**6 + 0*x**3 - 3*x**2 + 0*x**4 + 1/60*x**5 + 0. What is the remainder when a(-1) is divided by 13?
11
Let x = -79 + 74. Let b = x + 39. Calculate the remainder when 100 is divided by b.
32
Suppose -3*s + 225 = 4*y, 3 = 4*y - 3*y. Let x = s + -49. What is the remainder when 43 is divided by x?
21
Let o = -2 + 11. What is the remainder when (162/15)/(16/40) is divided by 2/(-9) + 65/o?
6
Let g be (-186)/(-9) + (-8)/12. Suppose g*q - 56 = 16*q. Let a = 20 - 12. Calculate the remainder when q is divided by a.
6
Let r(c) = -c**3 + 8*c**2 - c + 7. Let h(i) = i**2 + i + 2. Let y be h(-3). Let d be r(y). Let l = 11 - d. What is the remainder when 22 is divided by l?
10
Let p(w) = -w**2 + 11*w - 13. Let x be p(9). Suppose -2*f - 41 = -3*s, -2*s = -s + 4*f + x. Calculate the remainder when (4 - -29) + (-2 - 0) is divided by s.
9
Suppose 0 = -0*w - 4*w + 8. Suppose -w = -3*f + 4. Calculate the remainder when 98 is divided by 96/(f + 2) + 1.
23
Let a be 4/(-26) - -375*(-30)/(-117). Let u = 109 - a. Calculate the remainder when 90 is divided by u.
12
Suppose 8 = 2*d, d = -5*f - 2*d + 67. Calculate the remainder when (3 - 87/21)*(-84)/24 is divided by 2/(-10) + f/5.
0
Let u = -64 + 101. Suppose 5500 = 37*x + 13*x. Calculate the remainder when x is divided by u.
36
Let v(a) = 2*a + 3. Let n be v(-1). Let c = n - -5. Calculate the remainder when 35 is divided by c.
5
Suppose -352 + 1045 = 21*g. Calculate the remainder when 185 is divided by g.
20
Calculate the remainder when ((-2)/2)/(8 - (-27165)/(-3395)) is divided by 11.
8
Let f = -1 + 6. Suppose 2*m = -f*h + 11, 6*m - m + 3*h - 18 = 0. Suppose -m*d + 34 = -32. What is the remainder when 64 is divided by d?
20
Let o = -10 - -15. Suppose t - 5*t = 28. Let b = o - t. Calculate the remainder when b is divided by 7.
5
Let i = 33 + -27. Suppose i*f + 7 = 7*f. What is the remainder when 12 is divided by f?
5
Suppose 0 = x - 19 + 20, 0 = 2*s + x - 3. Calculate the remainder when 6 is divided by s.
0
Let t = -743 - -800. What is the remainder when 264 is divided by t?
36
Suppose 45*h - 40*h - 120 = 0. Suppose -2*y = -4*v - 226, 4*y + 2*v - 488 = -2*v. What is the remainder when y is divided by h?
23
Calculate the remainder when 51 is divided by (-12)/(-21) - 198/(-21).
1
Let n = 3 + -1. Suppose 4*b - 4 = 2*p, n*b + 2 = -0*b + 3*p. Suppose 2*j - b = 6. Calculate the remainder when j is divided by 3.
1
What is the remainder when (-6 - (-5)/(-10))/((-6)/12) is divided by 13?
0
Let i = 947 + -932. Suppose -3*s + 5*s = 112. Calculate the remainder when s is divided by i.
11
Let c = -581 - -646. What is the remainder when 123 is divided by c?
58
Let f(y) = 40*y - 21*y + 7 - 20*y + y**2. Suppose 2*u - 39 = -u. What is the remainder when f(-5) is divided by u?
11
Suppose -3*n + 5*o = -61, -5*o = 5*n - 9*o - 106. Let w = 0 + 5. Suppose -w*a + 3*a + 12 = 0. What is the remainder when n is divided by a?
4
Let q = 431 - 418. Calculate the remainder when 204/(-2)*(0 + -1) is divided by q.
11
Calculate the remainder when 5605/19 - (-40)/8 is divided by 140.
20
Suppose 1132*j - 1133*j + 91 = 0. What is the remainder when j is divided by 47?
44
Suppose 29 = -3*w - 2*v + 7*v, 0 = -2*w - 4*v - 12. Let j(m) = m**2 + 8*m + 10. Let o(t) = -2*t + 5. What is the remainder when o(-5) is divided by j(w)?
5
Suppose 62 = 3*v + 2*t, -4*v - 52 = -6*v - 4*t. Suppose 94*h = 97*h - 258. What is the remainder when h is divided by v?
14
Suppose 2*m - v + 12 = 0, -4*v = -0*m - 3*m - 28. Calculate the remainder when m + (-8)/(-1) - -21 is div